e the remainder when 814 is divided by 391.
32
Calculate the remainder when 614 is divided by 15.
14
What is the remainder when 739 is divided by 355?
29
Calculate the remainder when 445 is divided by 72.
13
Calculate the remainder when 2215 is divided by 275.
15
What is the remainder when 1474 is divided by 6?
4
What is the remainder when 28 is divided by 8?
4
What is the remainder when 11608 is divided by 17?
14
What is the remainder when 1565 is divided by 390?
5
What is the remainder when 531 is divided by 73?
20
What is the remainder when 1490 is divided by 13?
8
What is the remainder when 2510 is divided by 210?
200
Calculate the remainder when 410 is divided by 123.
41
What is the remainder when 337 is divided by 17?
14
Calculate the remainder when 212 is divided by 31.
26
What is the remainder when 577 is divided by 20?
17
What is the remainder when 25919 is divided by 96?
95
What is the remainder when 350 is divided by 44?
42
Calculate the remainder when 786 is divided by 50.
36
Calculate the remainder when 31 is divided by 6.
1
Calculate the remainder when 641 is divided by 24.
17
Calculate the remainder when 249 is divided by 55.
29
What is the remainder when 112 is divided by 60?
52
Calculate the remainder when 1104 is divided by 85.
84
Calculate the remainder when 5556 is divided by 109.
106
What is the remainder when 777 is divided by 168?
105
Calculate the remainder when 3751 is divided by 90.
61
What is the remainder when 514 is divided by 38?
20
What is the remainder when 5161 is divided by 156?
13
Calculate the remainder when 83 is divided by 23.
14
What is the remainder when 277 is divided by 40?
37
Calculate the remainder when 370 is divided by 1.
0
Calculate the remainder when 112 is divided by 23.
20
What is the remainder when 210 is divided by 72?
66
Calculate the remainder when 425 is divided by 105.
5
Calculate the remainder when 72 is divided by 27.
18
What is the remainder when 741 is divided by 53?
52
What is the remainder when 366 is divided by 105?
51
What is the remainder when 641 is divided by 164?
149
Calculate the remainder when 726 is divided by 26.
24
Calculate the remainder when 2767 is divided by 71.
69
Calculate the remainder when 162 is divided by 58.
46
Calculate the remainder when 504 is divided by 134.
102
Calculate the remainder when 4638 is divided by 17.
14
Calculate the remainder when 171 is divided by 81.
9
What is the remainder when 36 is divided by 8?
4
What is the remainder when 1639 is divided by 1629?
10
What is the remainder when 3017 is divided by 11?
3
Calculate the remainder when 157 is divided by 49.
10
Calculate the remainder when 4174 is divided by 19.
13
What is the remainder when 187 is divided by 21?
19
What is the remainder when 211 is divided by 98?
15
What is the remainder when 594 is divided by 8?
2
Calculate the remainder when 3822 is divided by 16.
14
Calculate the remainder when 958 is divided by 49.
27
What is the remainder when 39 is divided by 6?
3
Calculate the remainder when 394 is divided by 18.
16
Calculate the remainder when 375 is divided by 18.
15
Calculate the remainder when 626 is divided by 30.
26
Calculate the remainder when 1312 is divided by 327.
4
Calculate the remainder when 78 is divided by 28.
22
Calculate the remainder when 918 is divided by 436.
46
Calculate the remainder when 70 is divided by 12.
10
Calculate the remainder when 640 is divided by 44.
24
Calculate the remainder when 113 is divided by 104.
9
What is the remainder when 2764 is divided by 79?
78
What is the remainder when 102 is divided by 21?
18
Calculate the remainder when 339 is divided by 4.
3
What is the remainder when 2565 is divided by 369?
351
What is the remainder when 1111 is divided by 8?
7
What is the remainder when 1297 is divided by 22?
21
What is the remainder when 254 is divided by 17?
16
What is the remainder when 5277 is divided by 264?
261
What is the remainder when 1515 is divided by 8?
3
What is the remainder when 122 is divided by 49?
24
Calculate the remainder when 111 is divided by 14.
13
What is the remainder when 316 is divided by 64?
60
Calculate the remainder when 67 is divided by 12.
7
What is the remainder when 706 is divided by 59?
57
What is the remainder when 204 is divided by 69?
66
Calculate the remainder when 38 is divided by 19.
0
What is the remainder when 1633 is divided by 46?
23
Calculate the remainder when 665 is divided by 37.
36
What is the remainder when 622 is divided by 26?
24
Calculate the remainder when 406 is divided by 12.
10
Calculate the remainder when 80 is divided by 43.
37
Calculate the remainder when 162 is divided by 35.
22
Calculate the remainder when 191 is divided by 92.
7
What is the remainder when 140 is divided by 87?
53
Calculate the remainder when 81 is divided by 21.
18
What is the remainder when 90 is divided by 48?
42
What is the remainder when 283 is divided by 44?
19
What is the remainder when 409 is divided by 209?
200
What is the remainder when 129 is divided by 22?
19
Calculate the remainder when 150 is divided by 47.
9
What is the remainder when 287 is divided by 36?
35
Calculate the remainder when 458 is divided by 51.
50
What is the remainder when 767 is divided by 353?
61
Calculate the remainder when 114 is divided by 4.
2
What is the remainder when 220 is divided by 115?
105
Calculate the remainder when 162 is divided by 14.
8
Calculate the remainder when 2818 is divided by 91.
88
Calculate the remainder when 77 is divided by 34.
9
What is the remainder when 177 is divided by 34?
7
Calculate the remainder when 266 is divided by 66.
2
Calculate the remainder when 343 is divided by 13.
5
Calculate the remainder when 168 is divided by 46.
30
Calculate the remainder when 538 is divided by 134.
2
What is the remainder when 218 is divided by 22?
20
What is the remainder when 184 is divided by 48?
40
Calculate the remainder when 26 is divided by 15.
11
Calculate the remainder when 1320 is divided by 27.
24
What is the remainder when 387 is divided by 97?
96
Calculate the remainder when 4495 is divided by 11.
7
Calculate the remainder when 846 is divided by 178.
134
Calculate the remainder when 239 is divided by 128.
111
What is the remainder when 61 is divided by 15?
1
Calculate the remainder when 1341 is divided by 48.
45
What is the remainder when 3093 is divided by 764?
37
Calculate the remainder when 13881 is divided by 89.
86
Calculate the remainder when 49 is divided by 30.
19
What is the remainder when 94 is divided by 31?
1
Calculate the remainder when 508 is divided by 126.
4
What is the remainder when 254 is divided by 129?
125
Calculate the remainder when 588 is divided by 99.
93
Calculate the remainder when 553 is divided by 36.
13
Calculate the remainder when 401 is divided by 136.
129
What is the remainder when 83 is divided by 19?
7
What is the remainder when 296 is divided by 30?
26
Calculate the remainder when 1348 is divided by 25.
23
What is the remainder when 117 is divided by 17?
15
What is the remainder when 1424 is divided by 683?
58
What is the remainder when 8696 is divided by 34?
26
Calculate the remainder when 209 is divided by 71.
67
Calculate the remainder when 1347 is divided by 9.
6
What is the remainder when 745 is divided by 334?
77
What is the remainder when 102 is divided by 21?
18
What is the remainder when 1060 is divided by 18?
16
What is the remainder when 48 is divided by 13?
9
What is the remainder when 166 is divided by 2?
0
Calculate the remainder when 22 is divided by 15.
7
What is the remainder when 1210 is divided by 7?
6
What is the remainder when 334 is divided by 8?
6
What is the remainder when 366 is divided by 41?
38
What is the remainder when 195 is divided by 31?
9
Calculate the remainder when 641 is divided by 305.
31
Calculate the remainder when 2672 is divided by 118.
76
What is the remainder when 34 is divided by 19?
15
What is the remainder when 4492 is divided by 41?
23
What is the remainder when 1574 is divided by 130?
14
Calculate the remainder when 100 is divided by 50.
0
What is the remainder when 121 is divided by 46?
29
Calculate the remainder when 20671 is divided by 64.
63
Calculate the remainder when 1220 is divided by 1206.
14
What is the remainde